{"id":16,"date":"2020-02-01T19:06:36","date_gmt":"2020-02-01T22:06:36","guid":{"rendered":"https:\/\/www.regentte.com.br\/index.php\/pricing-faq\/"},"modified":"2022-07-29T16:06:35","modified_gmt":"2022-07-29T19:06:35","slug":"artigos","status":"publish","type":"page","link":"https:\/\/www.regentte.com.br\/index.php\/artigos\/","title":{"rendered":"Artigos"},"content":{"rendered":"\t\t<div data-elementor-type=\"wp-page\" data-elementor-id=\"16\" class=\"elementor elementor-16\">\n\t\t\t\t\t\t\t\t\t<section class=\"elementor-section elementor-top-section elementor-element elementor-element-bdb1657 elementor-section-boxed elementor-section-height-default elementor-section-height-default\" data-id=\"bdb1657\" data-element_type=\"section\" data-settings=\"{&quot;background_background&quot;:&quot;classic&quot;}\">\n\t\t\t\t\t\t<div class=\"elementor-container elementor-column-gap-default\">\n\t\t\t\t\t<div class=\"elementor-column elementor-col-100 elementor-top-column elementor-element elementor-element-d472376\" data-id=\"d472376\" data-element_type=\"column\">\n\t\t\t<div class=\"elementor-widget-wrap\">\n\t\t\t\t\t\t\t\t\t<\/div>\n\t\t<\/div>\n\t\t\t\t\t\t\t<\/div>\n\t\t<\/section>\n\t\t\t\t<section class=\"elementor-section elementor-top-section elementor-element elementor-element-96d010f elementor-section-boxed elementor-section-height-default elementor-section-height-default\" data-id=\"96d010f\" data-element_type=\"section\" data-settings=\"{&quot;background_background&quot;:&quot;classic&quot;}\">\n\t\t\t\t\t\t<div class=\"elementor-container elementor-column-gap-default\">\n\t\t\t\t\t<div class=\"elementor-column elementor-col-100 elementor-top-column elementor-element elementor-element-0794f92 elementor-hidden-mobile\" data-id=\"0794f92\" data-element_type=\"column\">\n\t\t\t<div class=\"elementor-widget-wrap elementor-element-populated\">\n\t\t\t\t\t\t\t\t<div class=\"elementor-element elementor-element-bc13c99 elementor-widget elementor-widget-heading\" data-id=\"bc13c99\" data-element_type=\"widget\" data-widget_type=\"heading.default\">\n\t\t\t\t<div class=\"elementor-widget-container\">\n\t\t\t<style>\/*! elementor - v3.6.7 - 03-07-2022 *\/\n.elementor-heading-title{padding:0;margin:0;line-height:1}.elementor-widget-heading .elementor-heading-title[class*=elementor-size-]>a{color:inherit;font-size:inherit;line-height:inherit}.elementor-widget-heading .elementor-heading-title.elementor-size-small{font-size:15px}.elementor-widget-heading .elementor-heading-title.elementor-size-medium{font-size:19px}.elementor-widget-heading .elementor-heading-title.elementor-size-large{font-size:29px}.elementor-widget-heading .elementor-heading-title.elementor-size-xl{font-size:39px}.elementor-widget-heading .elementor-heading-title.elementor-size-xxl{font-size:59px}<\/style><h2 class=\"elementor-heading-title elementor-size-default\">Destaque<\/h2>\t\t<\/div>\n\t\t\t\t<\/div>\n\t\t\t\t<div class=\"elementor-element elementor-element-6cd09e6 elementor-grid-1 elementor-posts--thumbnail-left elementor-grid-tablet-2 elementor-grid-mobile-1 elementor-widget elementor-widget-posts\" data-id=\"6cd09e6\" data-element_type=\"widget\" data-settings=\"{&quot;classic_columns&quot;:&quot;1&quot;,&quot;classic_columns_tablet&quot;:&quot;2&quot;,&quot;classic_columns_mobile&quot;:&quot;1&quot;,&quot;classic_row_gap&quot;:{&quot;unit&quot;:&quot;px&quot;,&quot;size&quot;:35,&quot;sizes&quot;:[]}}\" data-widget_type=\"posts.classic\">\n\t\t\t\t<div class=\"elementor-widget-container\">\n\t\t\t<link rel=\"stylesheet\" href=\"https:\/\/www.regentte.com.br\/wp-content\/plugins\/elementor-pro\/assets\/css\/widget-posts.min.css\">\t\t<div class=\"elementor-posts-container elementor-posts elementor-posts--skin-classic elementor-grid\">\n\t\t\t\t<article class=\"elementor-post elementor-grid-item post-3256 post type-post status-publish format-standard has-post-thumbnail hentry category-sem-categoria\">\n\t\t\t\t<a class=\"elementor-post__thumbnail__link\" href=\"https:\/\/www.regentte.com.br\/index.php\/2025\/03\/04\/todos-ficarao-felizes\/\" >\n\t\t\t<div class=\"elementor-post__thumbnail\"><img loading=\"lazy\" decoding=\"async\" width=\"1024\" height=\"576\" src=\"https:\/\/www.regentte.com.br\/wp-content\/uploads\/2025\/03\/1737316265356.png\" class=\"attachment-full size-full\" alt=\"\" srcset=\"https:\/\/www.regentte.com.br\/wp-content\/uploads\/2025\/03\/1737316265356.png 1024w, https:\/\/www.regentte.com.br\/wp-content\/uploads\/2025\/03\/1737316265356-300x169.png 300w, https:\/\/www.regentte.com.br\/wp-content\/uploads\/2025\/03\/1737316265356-768x432.png 768w\" sizes=\"auto, (max-width: 1024px) 100vw, 1024px\" \/><\/div>\n\t\t<\/a>\n\t\t\t\t<div class=\"elementor-post__text\">\n\t\t\t\t<h3 class=\"elementor-post__title\">\n\t\t\t<a href=\"https:\/\/www.regentte.com.br\/index.php\/2025\/03\/04\/todos-ficarao-felizes\/\" >\n\t\t\t\tTodos ficar\u00e3o felizes\t\t\t<\/a>\n\t\t<\/h3>\n\t\t\t\t<div class=\"elementor-post__meta-data\">\n\t\t\t\t\t<span class=\"elementor-post-date\">\n\t\t\t4 de mar\u00e7o de 2025\t\t<\/span>\n\t\t\t\t<\/div>\n\t\t\t\t<div class=\"elementor-post__excerpt\">\n\t\t\t<p>A insatisfa\u00e7\u00e3o dos profissionais \u00e9 um problema que vai al\u00e9m das paredes da empresa. Ela transborda para o atendimento ao cliente, compromete a qualidade dos processos e, no m\u00e9dio prazo, afeta os resultados do neg\u00f3cio. Profissionais desmotivados n\u00e3o apenas deixam suas fun\u00e7\u00f5es, mas tamb\u00e9m levam consigo a confian\u00e7a, a empatia<\/p>\n\t\t<\/div>\n\t\t\t\t\t<a class=\"elementor-post__read-more\" href=\"https:\/\/www.regentte.com.br\/index.php\/2025\/03\/04\/todos-ficarao-felizes\/\" >\n\t\t\t\tLeia mais \u00bb\t\t\t<\/a>\n\t\t\t\t<\/div>\n\t\t\t\t<\/article>\n\t\t\t\t<\/div>\n\t\t\t\t<\/div>\n\t\t\t\t<\/div>\n\t\t\t\t\t<\/div>\n\t\t<\/div>\n\t\t\t\t\t\t\t<\/div>\n\t\t<\/section>\n\t\t\t\t<section class=\"elementor-section elementor-top-section elementor-element elementor-element-55dbb43 elementor-section-boxed elementor-section-height-default elementor-section-height-default\" data-id=\"55dbb43\" data-element_type=\"section\">\n\t\t\t\t\t\t<div class=\"elementor-container elementor-column-gap-default\">\n\t\t\t\t\t<div class=\"elementor-column elementor-col-100 elementor-top-column elementor-element elementor-element-94f1374\" data-id=\"94f1374\" data-element_type=\"column\">\n\t\t\t<div class=\"elementor-widget-wrap elementor-element-populated\">\n\t\t\t\t\t\t\t\t<div class=\"elementor-element elementor-element-c7aa1e0 elementor-widget elementor-widget-heading\" data-id=\"c7aa1e0\" data-element_type=\"widget\" data-widget_type=\"heading.default\">\n\t\t\t\t<div class=\"elementor-widget-container\">\n\t\t\t<h2 class=\"elementor-heading-title elementor-size-default\">Hub de conte\u00fado<\/h2>\t\t<\/div>\n\t\t\t\t<\/div>\n\t\t\t\t\t<\/div>\n\t\t<\/div>\n\t\t\t\t\t\t\t<\/div>\n\t\t<\/section>\n\t\t\t\t<section class=\"elementor-section elementor-top-section elementor-element elementor-element-1a8fcd1 elementor-section-boxed elementor-section-height-default elementor-section-height-default\" data-id=\"1a8fcd1\" data-element_type=\"section\">\n\t\t\t\t\t\t<div class=\"elementor-container elementor-column-gap-default\">\n\t\t\t\t\t<div class=\"elementor-column elementor-col-100 elementor-top-column elementor-element elementor-element-f4b1f5d\" data-id=\"f4b1f5d\" data-element_type=\"column\">\n\t\t\t<div class=\"elementor-widget-wrap elementor-element-populated\">\n\t\t\t\t\t\t\t\t<div class=\"elementor-element elementor-element-fffa076 elementor-grid-3 elementor-grid-tablet-2 elementor-grid-mobile-1 elementor-posts--thumbnail-top elementor-card-shadow-yes elementor-posts__hover-gradient elementor-widget elementor-widget-posts\" data-id=\"fffa076\" data-element_type=\"widget\" data-settings=\"{&quot;cards_columns&quot;:&quot;3&quot;,&quot;cards_columns_tablet&quot;:&quot;2&quot;,&quot;cards_columns_mobile&quot;:&quot;1&quot;,&quot;cards_row_gap&quot;:{&quot;unit&quot;:&quot;px&quot;,&quot;size&quot;:35,&quot;sizes&quot;:[]}}\" data-widget_type=\"posts.cards\">\n\t\t\t\t<div class=\"elementor-widget-container\">\n\t\t\t\t\t<div class=\"elementor-posts-container elementor-posts elementor-posts--skin-cards elementor-grid\">\n\t\t\t\t<article class=\"elementor-post elementor-grid-item post-3244 post type-post status-publish format-standard has-post-thumbnail hentry category-artigos\">\n\t\t\t<div class=\"elementor-post__card\">\n\t\t\t\t<a class=\"elementor-post__thumbnail__link\" href=\"https:\/\/www.regentte.com.br\/index.php\/2024\/06\/10\/transformando-crises-em-oportunidades-um-aprendizado-pos-impacto\/\" >\n\t\t\t<div class=\"elementor-post__thumbnail\"><img loading=\"lazy\" decoding=\"async\" width=\"1920\" height=\"1080\" src=\"https:\/\/www.regentte.com.br\/wp-content\/uploads\/2024\/06\/Design-sem-nome-1-1.png\" class=\"attachment-full size-full\" alt=\"\" srcset=\"https:\/\/www.regentte.com.br\/wp-content\/uploads\/2024\/06\/Design-sem-nome-1-1.png 1920w, https:\/\/www.regentte.com.br\/wp-content\/uploads\/2024\/06\/Design-sem-nome-1-1-300x169.png 300w, https:\/\/www.regentte.com.br\/wp-content\/uploads\/2024\/06\/Design-sem-nome-1-1-1024x576.png 1024w, https:\/\/www.regentte.com.br\/wp-content\/uploads\/2024\/06\/Design-sem-nome-1-1-768x432.png 768w, https:\/\/www.regentte.com.br\/wp-content\/uploads\/2024\/06\/Design-sem-nome-1-1-1536x864.png 1536w\" sizes=\"auto, (max-width: 1920px) 100vw, 1920px\" \/><\/div>\n\t\t<\/a>\n\t\t\t\t<div class=\"elementor-post__text\">\n\t\t\t\t<h3 class=\"elementor-post__title\">\n\t\t\t<a href=\"https:\/\/www.regentte.com.br\/index.php\/2024\/06\/10\/transformando-crises-em-oportunidades-um-aprendizado-pos-impacto\/\" >\n\t\t\t\tTransformando Crises em Oportunidades: Um Aprendizado P\u00f3s Impacto\t\t\t<\/a>\n\t\t<\/h3>\n\t\t\t\t<div class=\"elementor-post__excerpt\">\n\t\t\t<p>Estamos enfrentando uma situa\u00e7\u00e3o in\u00e9dita que afetou tanto pessoas quanto empresas e seus l\u00edderes. Segundo a FIERGS, cerca de 47 mil empresas foram impactadas. Nunca<\/p>\n\t\t<\/div>\n\t\t\t\t\t<a class=\"elementor-post__read-more\" href=\"https:\/\/www.regentte.com.br\/index.php\/2024\/06\/10\/transformando-crises-em-oportunidades-um-aprendizado-pos-impacto\/\" >\n\t\t\t\tLEIA MAIS \u00bb\t\t\t<\/a>\n\t\t\t\t<\/div>\n\t\t\t\t<div class=\"elementor-post__meta-data\">\n\t\t\t\t\t<span class=\"elementor-post-author\">\n\t\t\tregentte\t\t<\/span>\n\t\t\t\t<\/div>\n\t\t\t\t\t<\/div>\n\t\t<\/article>\n\t\t\t\t<article class=\"elementor-post elementor-grid-item post-3045 post type-post status-publish format-standard has-post-thumbnail hentry category-sem-categoria\">\n\t\t\t<div class=\"elementor-post__card\">\n\t\t\t\t<a class=\"elementor-post__thumbnail__link\" href=\"https:\/\/www.regentte.com.br\/index.php\/2023\/08\/22\/porque-e-como-implantar-cargos-e-salario\/\" >\n\t\t\t<div class=\"elementor-post__thumbnail\"><img loading=\"lazy\" decoding=\"async\" width=\"600\" height=\"400\" src=\"https:\/\/www.regentte.com.br\/wp-content\/uploads\/2023\/08\/1691074514719-1.png\" class=\"attachment-full size-full\" alt=\"\" srcset=\"https:\/\/www.regentte.com.br\/wp-content\/uploads\/2023\/08\/1691074514719-1.png 600w, https:\/\/www.regentte.com.br\/wp-content\/uploads\/2023\/08\/1691074514719-1-300x200.png 300w\" sizes=\"auto, (max-width: 600px) 100vw, 600px\" \/><\/div>\n\t\t<\/a>\n\t\t\t\t<div class=\"elementor-post__text\">\n\t\t\t\t<h3 class=\"elementor-post__title\">\n\t\t\t<a href=\"https:\/\/www.regentte.com.br\/index.php\/2023\/08\/22\/porque-e-como-implantar-cargos-e-salario\/\" >\n\t\t\t\tPorque e como implantar Cargos e Sal\u00e1rio.\t\t\t<\/a>\n\t\t<\/h3>\n\t\t\t\t<div class=\"elementor-post__excerpt\">\n\t\t\t<p>Com crit\u00e9rios muito bem definidos, amplamente divulgados e ao alcance do conhecimento de todos, o gestor n\u00e3o ter\u00e1 mais a dif\u00edcil tarefa de avaliar autonomamente<\/p>\n\t\t<\/div>\n\t\t\t\t\t<a class=\"elementor-post__read-more\" href=\"https:\/\/www.regentte.com.br\/index.php\/2023\/08\/22\/porque-e-como-implantar-cargos-e-salario\/\" >\n\t\t\t\tLEIA MAIS \u00bb\t\t\t<\/a>\n\t\t\t\t<\/div>\n\t\t\t\t<div class=\"elementor-post__meta-data\">\n\t\t\t\t\t<span class=\"elementor-post-author\">\n\t\t\tJaqueline Sosinho\t\t<\/span>\n\t\t\t\t<\/div>\n\t\t\t\t\t<\/div>\n\t\t<\/article>\n\t\t\t\t<article class=\"elementor-post elementor-grid-item post-3033 post type-post status-publish format-standard has-post-thumbnail hentry category-sem-categoria\">\n\t\t\t<div class=\"elementor-post__card\">\n\t\t\t\t<a class=\"elementor-post__thumbnail__link\" href=\"https:\/\/www.regentte.com.br\/index.php\/2023\/07\/04\/amamos-nossa-historia-juntas\/\" >\n\t\t\t<div class=\"elementor-post__thumbnail\"><img loading=\"lazy\" decoding=\"async\" width=\"1024\" height=\"645\" src=\"https:\/\/www.regentte.com.br\/wp-content\/uploads\/2023\/07\/Imagem-do-WhatsApp-de-2023-07-04-as-21.59.30.jpg\" class=\"attachment-full size-full\" alt=\"\" srcset=\"https:\/\/www.regentte.com.br\/wp-content\/uploads\/2023\/07\/Imagem-do-WhatsApp-de-2023-07-04-as-21.59.30.jpg 1024w, https:\/\/www.regentte.com.br\/wp-content\/uploads\/2023\/07\/Imagem-do-WhatsApp-de-2023-07-04-as-21.59.30-300x189.jpg 300w, https:\/\/www.regentte.com.br\/wp-content\/uploads\/2023\/07\/Imagem-do-WhatsApp-de-2023-07-04-as-21.59.30-768x484.jpg 768w\" sizes=\"auto, (max-width: 1024px) 100vw, 1024px\" \/><\/div>\n\t\t<\/a>\n\t\t\t\t<div class=\"elementor-post__text\">\n\t\t\t\t<h3 class=\"elementor-post__title\">\n\t\t\t<a href=\"https:\/\/www.regentte.com.br\/index.php\/2023\/07\/04\/amamos-nossa-historia-juntas\/\" >\n\t\t\t\tAmamos nossa hist\u00f3ria juntas!\t\t\t<\/a>\n\t\t<\/h3>\n\t\t\t\t<div class=\"elementor-post__excerpt\">\n\t\t\t<p>Eu e a Jaque nos conhecemos h\u00e1 mais de 20 anos, em um ambiente repleto de dificuldades e transforma\u00e7\u00f5es. \u00c9ramos colegas em uma empresa de<\/p>\n\t\t<\/div>\n\t\t\t\t\t<a class=\"elementor-post__read-more\" href=\"https:\/\/www.regentte.com.br\/index.php\/2023\/07\/04\/amamos-nossa-historia-juntas\/\" >\n\t\t\t\tLEIA MAIS \u00bb\t\t\t<\/a>\n\t\t\t\t<\/div>\n\t\t\t\t<div class=\"elementor-post__meta-data\">\n\t\t\t\t\t<span class=\"elementor-post-author\">\n\t\t\tJaqueline Sosinho\t\t<\/span>\n\t\t\t\t<\/div>\n\t\t\t\t\t<\/div>\n\t\t<\/article>\n\t\t\t\t<article class=\"elementor-post elementor-grid-item post-3006 post type-post status-publish format-standard has-post-thumbnail hentry category-sem-categoria\">\n\t\t\t<div class=\"elementor-post__card\">\n\t\t\t\t<a class=\"elementor-post__thumbnail__link\" href=\"https:\/\/www.regentte.com.br\/index.php\/2023\/02\/23\/regentte-integradora-de-skills-2\/\" >\n\t\t\t<div class=\"elementor-post__thumbnail\"><img loading=\"lazy\" decoding=\"async\" width=\"2560\" height=\"768\" src=\"https:\/\/www.regentte.com.br\/wp-content\/uploads\/2023\/02\/Como-as-Soft-Skills-influenciam-na-aprendizagem-1-scaled-1.jpg\" class=\"attachment-full size-full\" alt=\"\" srcset=\"https:\/\/www.regentte.com.br\/wp-content\/uploads\/2023\/02\/Como-as-Soft-Skills-influenciam-na-aprendizagem-1-scaled-1.jpg 2560w, https:\/\/www.regentte.com.br\/wp-content\/uploads\/2023\/02\/Como-as-Soft-Skills-influenciam-na-aprendizagem-1-scaled-1-300x90.jpg 300w, https:\/\/www.regentte.com.br\/wp-content\/uploads\/2023\/02\/Como-as-Soft-Skills-influenciam-na-aprendizagem-1-scaled-1-1024x307.jpg 1024w, https:\/\/www.regentte.com.br\/wp-content\/uploads\/2023\/02\/Como-as-Soft-Skills-influenciam-na-aprendizagem-1-scaled-1-768x230.jpg 768w, https:\/\/www.regentte.com.br\/wp-content\/uploads\/2023\/02\/Como-as-Soft-Skills-influenciam-na-aprendizagem-1-scaled-1-1536x461.jpg 1536w, https:\/\/www.regentte.com.br\/wp-content\/uploads\/2023\/02\/Como-as-Soft-Skills-influenciam-na-aprendizagem-1-scaled-1-2048x614.jpg 2048w\" sizes=\"auto, (max-width: 2560px) 100vw, 2560px\" \/><\/div>\n\t\t<\/a>\n\t\t\t\t<div class=\"elementor-post__text\">\n\t\t\t\t<h3 class=\"elementor-post__title\">\n\t\t\t<a href=\"https:\/\/www.regentte.com.br\/index.php\/2023\/02\/23\/regentte-integradora-de-skills-2\/\" >\n\t\t\t\tRegentte &#8211; Integradora de Skills\t\t\t<\/a>\n\t\t<\/h3>\n\t\t\t\t<div class=\"elementor-post__excerpt\">\n\t\t\t<p>A Regentte nasceu do conceito de Ag\u00eancia do Neg\u00f3cio. Onde, por sua vez, nasce da necessidade de ampliar o escopo das Ag\u00eancias de Publicidade e<\/p>\n\t\t<\/div>\n\t\t\t\t\t<a class=\"elementor-post__read-more\" href=\"https:\/\/www.regentte.com.br\/index.php\/2023\/02\/23\/regentte-integradora-de-skills-2\/\" >\n\t\t\t\tLEIA MAIS \u00bb\t\t\t<\/a>\n\t\t\t\t<\/div>\n\t\t\t\t<div class=\"elementor-post__meta-data\">\n\t\t\t\t\t<span class=\"elementor-post-author\">\n\t\t\tJaqueline Sosinho\t\t<\/span>\n\t\t\t\t<\/div>\n\t\t\t\t\t<\/div>\n\t\t<\/article>\n\t\t\t\t<article class=\"elementor-post elementor-grid-item post-2954 post type-post status-publish format-standard has-post-thumbnail hentry category-sem-categoria\">\n\t\t\t<div class=\"elementor-post__card\">\n\t\t\t\t<a class=\"elementor-post__thumbnail__link\" href=\"https:\/\/www.regentte.com.br\/index.php\/2022\/11\/25\/a-escuta-com-e-sem-filtros\/\" >\n\t\t\t<div class=\"elementor-post__thumbnail\"><img loading=\"lazy\" decoding=\"async\" width=\"400\" height=\"400\" src=\"https:\/\/www.regentte.com.br\/wp-content\/uploads\/2022\/11\/noticia_2076362232605e46df879e8.webp\" class=\"attachment-full size-full\" alt=\"\" srcset=\"https:\/\/www.regentte.com.br\/wp-content\/uploads\/2022\/11\/noticia_2076362232605e46df879e8.webp 400w, https:\/\/www.regentte.com.br\/wp-content\/uploads\/2022\/11\/noticia_2076362232605e46df879e8-300x300.webp 300w, https:\/\/www.regentte.com.br\/wp-content\/uploads\/2022\/11\/noticia_2076362232605e46df879e8-150x150.webp 150w\" sizes=\"auto, (max-width: 400px) 100vw, 400px\" \/><\/div>\n\t\t<\/a>\n\t\t\t\t<div class=\"elementor-post__text\">\n\t\t\t\t<h3 class=\"elementor-post__title\">\n\t\t\t<a href=\"https:\/\/www.regentte.com.br\/index.php\/2022\/11\/25\/a-escuta-com-e-sem-filtros\/\" >\n\t\t\t\tA arte de saber escutar\t\t\t<\/a>\n\t\t<\/h3>\n\t\t\t\t<div class=\"elementor-post__excerpt\">\n\t\t\t<p>Saber escutar \u00e9 uma arte. E pode fazer toda a diferen\u00e7a na vida pessoal e profissional. Algumas vezes \u00e9 necess\u00e1rio usar filtros, outras jamais, por\u00e9m<\/p>\n\t\t<\/div>\n\t\t\t\t\t<a class=\"elementor-post__read-more\" href=\"https:\/\/www.regentte.com.br\/index.php\/2022\/11\/25\/a-escuta-com-e-sem-filtros\/\" >\n\t\t\t\tLEIA MAIS \u00bb\t\t\t<\/a>\n\t\t\t\t<\/div>\n\t\t\t\t<div class=\"elementor-post__meta-data\">\n\t\t\t\t\t<span class=\"elementor-post-author\">\n\t\t\tJaqueline Sosinho\t\t<\/span>\n\t\t\t\t<\/div>\n\t\t\t\t\t<\/div>\n\t\t<\/article>\n\t\t\t\t<article class=\"elementor-post elementor-grid-item post-2948 post type-post status-publish format-standard has-post-thumbnail hentry category-sem-categoria\">\n\t\t\t<div class=\"elementor-post__card\">\n\t\t\t\t<a class=\"elementor-post__thumbnail__link\" href=\"https:\/\/www.regentte.com.br\/index.php\/2022\/11\/25\/o-gestor-participa-sim-de-todo-o-processo-de-contratacao\/\" >\n\t\t\t<div class=\"elementor-post__thumbnail\"><img loading=\"lazy\" decoding=\"async\" width=\"800\" height=\"534\" src=\"https:\/\/www.regentte.com.br\/wp-content\/uploads\/2022\/11\/8-dicas-para-conduzir-um-processo-seletivo-corretamente-e1663764828830.jpeg\" class=\"attachment-full size-full\" alt=\"\" srcset=\"https:\/\/www.regentte.com.br\/wp-content\/uploads\/2022\/11\/8-dicas-para-conduzir-um-processo-seletivo-corretamente-e1663764828830.jpeg 800w, https:\/\/www.regentte.com.br\/wp-content\/uploads\/2022\/11\/8-dicas-para-conduzir-um-processo-seletivo-corretamente-e1663764828830-300x200.jpeg 300w, https:\/\/www.regentte.com.br\/wp-content\/uploads\/2022\/11\/8-dicas-para-conduzir-um-processo-seletivo-corretamente-e1663764828830-768x513.jpeg 768w\" sizes=\"auto, (max-width: 800px) 100vw, 800px\" \/><\/div>\n\t\t<\/a>\n\t\t\t\t<div class=\"elementor-post__text\">\n\t\t\t\t<h3 class=\"elementor-post__title\">\n\t\t\t<a href=\"https:\/\/www.regentte.com.br\/index.php\/2022\/11\/25\/o-gestor-participa-sim-de-todo-o-processo-de-contratacao\/\" >\n\t\t\t\tO Gestor participa sim, de todo  o processo de contrata\u00e7\u00e3o\t\t\t<\/a>\n\t\t<\/h3>\n\t\t\t\t<div class=\"elementor-post__excerpt\">\n\t\t\t<p>O que faz um l\u00edder? Gest\u00e3o de Pessoas. O papel do RH \u00e9 apoiar e dar suporte para que este l\u00edder atenda \u00e0s necessidades estruturais<\/p>\n\t\t<\/div>\n\t\t\t\t\t<a class=\"elementor-post__read-more\" href=\"https:\/\/www.regentte.com.br\/index.php\/2022\/11\/25\/o-gestor-participa-sim-de-todo-o-processo-de-contratacao\/\" >\n\t\t\t\tLEIA MAIS \u00bb\t\t\t<\/a>\n\t\t\t\t<\/div>\n\t\t\t\t<div class=\"elementor-post__meta-data\">\n\t\t\t\t\t<span class=\"elementor-post-author\">\n\t\t\tJaqueline Sosinho\t\t<\/span>\n\t\t\t\t<\/div>\n\t\t\t\t\t<\/div>\n\t\t<\/article>\n\t\t\t\t<\/div>\n\t\t\t\t<nav class=\"elementor-pagination\" role=\"navigation\" aria-label=\"Pagination\">\n\t\t\t<span aria-current=\"page\" class=\"page-numbers current\"><span class=\"elementor-screen-only\">Page<\/span>1<\/span>\n<a class=\"page-numbers\" href=\"https:\/\/www.regentte.com.br\/index.php\/wp-json\/wp\/v2\/pages\/16\/page\/2\/\"><span class=\"elementor-screen-only\">Page<\/span>2<\/a>\n<a class=\"page-numbers\" href=\"https:\/\/www.regentte.com.br\/index.php\/wp-json\/wp\/v2\/pages\/16\/page\/3\/\"><span class=\"elementor-screen-only\">Page<\/span>3<\/a>\n<a class=\"page-numbers\" href=\"https:\/\/www.regentte.com.br\/index.php\/wp-json\/wp\/v2\/pages\/16\/page\/4\/\"><span class=\"elementor-screen-only\">Page<\/span>4<\/a>\t\t<\/nav>\n\t\t\t\t<\/div>\n\t\t\t\t<\/div>\n\t\t\t\t\t<\/div>\n\t\t<\/div>\n\t\t\t\t\t\t\t<\/div>\n\t\t<\/section>\n\t\t\t\t\t\t\t<\/div>\n\t\t","protected":false},"excerpt":{"rendered":"<p>Destaque Hub de conte\u00fado<\/p>\n","protected":false},"author":1,"featured_media":0,"parent":0,"menu_order":0,"comment_status":"closed","ping_status":"closed","template":"","meta":{"site-sidebar-layout":"no-sidebar","site-content-layout":"page-builder","ast-site-content-layout":"","site-content-style":"default","site-sidebar-style":"default","ast-global-header-display":"","ast-banner-title-visibility":"","ast-main-header-display":"","ast-hfb-above-header-display":"","ast-hfb-below-header-display":"","ast-hfb-mobile-header-display":"","site-post-title":"disabled","ast-breadcrumbs-content":"disabled","ast-featured-img":"disabled","footer-sml-layout":"","theme-transparent-header-meta":"enabled","adv-header-id-meta":"","stick-header-meta":"","header-above-stick-meta":"","header-main-stick-meta":"","header-below-stick-meta":"","astra-migrate-meta-layouts":"default","ast-page-background-enabled":"default","ast-page-background-meta":{"desktop":{"background-color":"","background-image":"","background-repeat":"repeat","background-position":"center center","background-size":"auto","background-attachment":"scroll","background-type":"","background-media":"","overlay-type":"","overlay-color":"","overlay-opacity":"","overlay-gradient":""},"tablet":{"background-color":"","background-image":"","background-repeat":"repeat","background-position":"center center","background-size":"auto","background-attachment":"scroll","background-type":"","background-media":"","overlay-type":"","overlay-color":"","overlay-opacity":"","overlay-gradient":""},"mobile":{"background-color":"","background-image":"","background-repeat":"repeat","background-position":"center center","background-size":"auto","background-attachment":"scroll","background-type":"","background-media":"","overlay-type":"","overlay-color":"","overlay-opacity":"","overlay-gradient":""}},"ast-content-background-meta":{"desktop":{"background-color":"var(--ast-global-color-5)","background-image":"","background-repeat":"repeat","background-position":"center center","background-size":"auto","background-attachment":"scroll","background-type":"","background-media":"","overlay-type":"","overlay-color":"","overlay-opacity":"","overlay-gradient":""},"tablet":{"background-color":"var(--ast-global-color-5)","background-image":"","background-repeat":"repeat","background-position":"center center","background-size":"auto","background-attachment":"scroll","background-type":"","background-media":"","overlay-type":"","overlay-color":"","overlay-opacity":"","overlay-gradient":""},"mobile":{"background-color":"var(--ast-global-color-5)","background-image":"","background-repeat":"repeat","background-position":"center center","background-size":"auto","background-attachment":"scroll","background-type":"","background-media":"","overlay-type":"","overlay-color":"","overlay-opacity":"","overlay-gradient":""}},"footnotes":""},"class_list":["post-16","page","type-page","status-publish","hentry"],"_links":{"self":[{"href":"https:\/\/www.regentte.com.br\/index.php\/wp-json\/wp\/v2\/pages\/16","targetHints":{"allow":["GET"]}}],"collection":[{"href":"https:\/\/www.regentte.com.br\/index.php\/wp-json\/wp\/v2\/pages"}],"about":[{"href":"https:\/\/www.regentte.com.br\/index.php\/wp-json\/wp\/v2\/types\/page"}],"author":[{"embeddable":true,"href":"https:\/\/www.regentte.com.br\/index.php\/wp-json\/wp\/v2\/users\/1"}],"replies":[{"embeddable":true,"href":"https:\/\/www.regentte.com.br\/index.php\/wp-json\/wp\/v2\/comments?post=16"}],"version-history":[{"count":145,"href":"https:\/\/www.regentte.com.br\/index.php\/wp-json\/wp\/v2\/pages\/16\/revisions"}],"predecessor-version":[{"id":3239,"href":"https:\/\/www.regentte.com.br\/index.php\/wp-json\/wp\/v2\/pages\/16\/revisions\/3239"}],"wp:attachment":[{"href":"https:\/\/www.regentte.com.br\/index.php\/wp-json\/wp\/v2\/media?parent=16"}],"curies":[{"name":"wp","href":"https:\/\/api.w.org\/{rel}","templated":true}]}}